{"id":10493,"date":"2017-08-02T15:06:43","date_gmt":"2017-08-02T15:06:43","guid":{"rendered":"http:\/\/nogods-nomasters.com\/nogodsnomasters\/?post_type=product&#038;p=10493"},"modified":"2025-08-12T21:18:55","modified_gmt":"2025-08-12T21:18:55","slug":"negative-side-katastrofe-social-split-ep-ngnm-017","status":"publish","type":"product","link":"https:\/\/nogods-nomasters.com\/nogodsnomasters\/produto\/negative-side-katastrofe-social-split-ep-ngnm-017\/","title":{"rendered":"Negative Side \/ Katastrofe social &#8211; Split EP (NGNM 017)"},"content":{"rendered":"<p style=\"text-align: justify;\"><span style=\"font-family: verdana,geneva,sans-serif; font-size: 12pt;\">Alguns anos atr\u00e1s tivemos o privilegio de conhecer o pessoal da Negative Side. Fizemos bastante coisas juntxs e o carinho nos aproximou muito e depois de alguns anos, o mesmo ocorreu com o Katastrofe Social.\u00a0<\/span><\/p>\n<p style=\"text-align: justify;\"><span style=\"font-family: verdana,geneva,sans-serif; font-size: 12pt;\">Estar em contato com pessoas\/bandas que acreditam tanto no que fazem e que transformam seus mundos para que tudo possa acontecer \u00e9 bastante inspirador. E tudo se aperfei\u00e7oa quando estas duas bandas resolvem lan\u00e7ar um split, dividindo de forma cooperativa todo o trabalho, custos e satisfa\u00e7\u00f5es.<\/span><\/p>\n<p style=\"text-align: justify;\"><span style=\"font-family: verdana,geneva,sans-serif; font-size: 12pt;\">Negative Side vem l\u00e1 de Mogi Mirim e imedia\u00e7\u00f5es com seu dbeat gritado e sujo. Katastrofe Social vem de Osasco, os meninos de Osasco, com seu hardcore\/punk anos 80. Ambas as bandas vem com o melhor espirito DIY e muita for\u00e7a de vontade.<\/span><\/p>\n<p style=\"text-align: justify;\"><span style=\"font-family: verdana,geneva,sans-serif; font-size: 12pt;\">Um belo disco, com capa desenhada pelo querido Jeferson Pizoni, encarte com letras e a prova mais que viva de que com apoio m\u00fatuo e coopera\u00e7\u00e3o tudo \u00e9 poss\u00edvel. Este disco \u00e9 o esfor\u00e7o de duas bandas, algumas pessoas e diversos selos.<\/span><\/p>\n<p style=\"text-align: justify;\"><span style=\"font-family: verdana,geneva,sans-serif; font-size: 12pt;\">Felizes pela No Gods No Masters fazer parte disto.<\/span><\/p>\n<p><a href=\"http:\/\/negativeside.bandcamp.com\/album\/split-w-katastrofe-social-vinyl-7\">Split w\/ Katastrofe Social (Vinyl 7&#8243;) by Negative Side<\/a><\/p>\n<span class=\"embed-youtube\" style=\"text-align:center; display: block;\"><iframe loading=\"lazy\" class=\"youtube-player\" width=\"1080\" height=\"608\" src=\"https:\/\/www.youtube.com\/embed\/YrPjO_JqqbY?version=3&#038;rel=1&#038;showsearch=0&#038;showinfo=1&#038;iv_load_policy=1&#038;fs=1&#038;hl=pt-BR&#038;autohide=2&#038;wmode=transparent\" allowfullscreen=\"true\" style=\"border:0;\" sandbox=\"allow-scripts allow-same-origin allow-popups allow-presentation allow-popups-to-escape-sandbox\"><\/iframe><\/span>\n","protected":false},"excerpt":{"rendered":"<p>Alguns anos atr\u00e1s tivemos o privilegio de conhecer o pessoal da Negative Side. Fizemos bastante coisas juntxs e o carinho nos aproximou muito e depois de alguns anos, o mesmo ocorreu com o Katastrofe Social.\u00a0 Estar em contato com pessoas\/bandas que acreditam tanto no que fazem e que transformam seus mundos para que tudo possa [&hellip;]<\/p>\n","protected":false},"featured_media":10488,"template":"","meta":{"_et_pb_use_builder":"","_et_pb_old_content":"","_et_gb_content_width":"","jetpack_post_was_ever_published":false,"jetpack_publicize_message":"","jetpack_publicize_feature_enabled":true,"jetpack_social_post_already_shared":true,"jetpack_social_options":{"image_generator_settings":{"template":"highway","default_image_id":0,"font":"","enabled":false},"version":2}},"product_brand":[],"product_cat":[46,63,1133,53,59],"product_tag":[673,856],"class_list":{"0":"post-10493","1":"product","2":"type-product","3":"status-publish","4":"has-post-thumbnail","6":"product_cat-discos","7":"product_cat-ep","8":"product_cat-oferta","9":"product_cat-nossoslancamentos","10":"product_cat-vinil","11":"product_tag-katastrofe-social","12":"product_tag-negative-side","14":"first","15":"instock","16":"sale","17":"shipping-taxable","18":"purchasable","19":"product-type-simple"},"jetpack_publicize_connections":[],"jetpack_sharing_enabled":true,"jetpack-related-posts":[],"_links":{"self":[{"href":"https:\/\/nogods-nomasters.com\/nogodsnomasters\/wp-json\/wp\/v2\/product\/10493","targetHints":{"allow":["GET"]}}],"collection":[{"href":"https:\/\/nogods-nomasters.com\/nogodsnomasters\/wp-json\/wp\/v2\/product"}],"about":[{"href":"https:\/\/nogods-nomasters.com\/nogodsnomasters\/wp-json\/wp\/v2\/types\/product"}],"wp:featuredmedia":[{"embeddable":true,"href":"https:\/\/nogods-nomasters.com\/nogodsnomasters\/wp-json\/wp\/v2\/media\/10488"}],"wp:attachment":[{"href":"https:\/\/nogods-nomasters.com\/nogodsnomasters\/wp-json\/wp\/v2\/media?parent=10493"}],"wp:term":[{"taxonomy":"product_brand","embeddable":true,"href":"https:\/\/nogods-nomasters.com\/nogodsnomasters\/wp-json\/wp\/v2\/product_brand?post=10493"},{"taxonomy":"product_cat","embeddable":true,"href":"https:\/\/nogods-nomasters.com\/nogodsnomasters\/wp-json\/wp\/v2\/product_cat?post=10493"},{"taxonomy":"product_tag","embeddable":true,"href":"https:\/\/nogods-nomasters.com\/nogodsnomasters\/wp-json\/wp\/v2\/product_tag?post=10493"}],"curies":[{"name":"wp","href":"https:\/\/api.w.org\/{rel}","templated":true}]}}