{"id":11824,"date":"2018-11-12T21:59:26","date_gmt":"2018-11-12T21:59:26","guid":{"rendered":"http:\/\/nogods-nomasters.com\/nogodsnomasters\/?post_type=product&#038;p=11824"},"modified":"2025-12-08T21:31:53","modified_gmt":"2025-12-08T21:31:53","slug":"o-inimigo-cada-um-cada-dois-lp","status":"publish","type":"product","link":"https:\/\/nogods-nomasters.com\/nogodsnomasters\/produto\/o-inimigo-cada-um-cada-dois-lp\/","title":{"rendered":"O Inimigo &#8211; cada um cada dois LP"},"content":{"rendered":"<div style=\"text-align: justify;\"><span style=\"font-size: 12pt; font-family: verdana, geneva, sans-serif;\">O Inimigo foi formada em 2001 por amigos que gostam de m\u00fasica e que acreditam que esta \u00e9 uma otima ferramenta para muitas coisas. Cada um cada dois foi lan\u00e7ado em 2003 e tr\u00e1s timbres em uma combina\u00e7\u00e3o bem legal com bons jogos de guitarra e boas melodias de vozes em um punk rock empolgante.<\/span><\/div>\n<div><\/div>\n<p><iframe style=\"border: 0; width: 100%; height: 120px;\" src=\"https:\/\/bandcamp.com\/EmbeddedPlayer\/album=2790398158\/size=large\/bgcol=ffffff\/linkcol=0687f5\/tracklist=false\/artwork=small\/transparent=true\/\" seamless=\"\"><a href=\"http:\/\/oinimigo.bandcamp.com\/album\/cada-um-em-dois\">Cada Um Em Dois by O Inimigo<\/a><\/iframe><\/p>\n","protected":false},"excerpt":{"rendered":"<p>O Inimigo foi formada em 2001 por amigos que gostam de m\u00fasica e que acreditam que esta \u00e9 uma otima ferramenta para muitas coisas. Cada um cada dois foi lan\u00e7ado em 2003 e tr\u00e1s timbres em uma combina\u00e7\u00e3o bem legal com bons jogos de guitarra e boas melodias de vozes em um punk rock empolgante. [&hellip;]<\/p>\n","protected":false},"featured_media":11837,"template":"","meta":{"_et_pb_use_builder":"","_et_pb_old_content":"","_et_gb_content_width":"","jetpack_post_was_ever_published":false,"jetpack_publicize_message":"","jetpack_publicize_feature_enabled":true,"jetpack_social_post_already_shared":true,"jetpack_social_options":{"image_generator_settings":{"template":"highway","default_image_id":0,"font":"","enabled":false},"version":2}},"product_brand":[],"product_cat":[46,61,59],"product_tag":[936],"class_list":{"0":"post-11824","1":"product","2":"type-product","3":"status-publish","4":"has-post-thumbnail","6":"product_cat-discos","7":"product_cat-lp","8":"product_cat-vinil","9":"product_tag-o-inimigo","11":"first","12":"instock","13":"shipping-taxable","14":"purchasable","15":"product-type-simple"},"jetpack_publicize_connections":[],"jetpack_sharing_enabled":true,"jetpack-related-posts":[],"_links":{"self":[{"href":"https:\/\/nogods-nomasters.com\/nogodsnomasters\/wp-json\/wp\/v2\/product\/11824","targetHints":{"allow":["GET"]}}],"collection":[{"href":"https:\/\/nogods-nomasters.com\/nogodsnomasters\/wp-json\/wp\/v2\/product"}],"about":[{"href":"https:\/\/nogods-nomasters.com\/nogodsnomasters\/wp-json\/wp\/v2\/types\/product"}],"wp:featuredmedia":[{"embeddable":true,"href":"https:\/\/nogods-nomasters.com\/nogodsnomasters\/wp-json\/wp\/v2\/media\/11837"}],"wp:attachment":[{"href":"https:\/\/nogods-nomasters.com\/nogodsnomasters\/wp-json\/wp\/v2\/media?parent=11824"}],"wp:term":[{"taxonomy":"product_brand","embeddable":true,"href":"https:\/\/nogods-nomasters.com\/nogodsnomasters\/wp-json\/wp\/v2\/product_brand?post=11824"},{"taxonomy":"product_cat","embeddable":true,"href":"https:\/\/nogods-nomasters.com\/nogodsnomasters\/wp-json\/wp\/v2\/product_cat?post=11824"},{"taxonomy":"product_tag","embeddable":true,"href":"https:\/\/nogods-nomasters.com\/nogodsnomasters\/wp-json\/wp\/v2\/product_tag?post=11824"}],"curies":[{"name":"wp","href":"https:\/\/api.w.org\/{rel}","templated":true}]}}