{"id":16432,"date":"2020-05-25T18:48:18","date_gmt":"2020-05-25T18:48:18","guid":{"rendered":"http:\/\/nogods-nomasters.com\/nogodsnomasters\/?post_type=product&#038;p=16432"},"modified":"2025-03-16T11:41:16","modified_gmt":"2025-03-16T11:41:16","slug":"a-questao-feminina-em-nossos-meios-lucia-sanches-saornil","status":"publish","type":"product","link":"https:\/\/nogods-nomasters.com\/nogodsnomasters\/produto\/a-questao-feminina-em-nossos-meios-lucia-sanches-saornil\/","title":{"rendered":"A quest\u00e3o feminina em nossos meios &#8211; Luc\u00eda S\u00e1nches Saornil"},"content":{"rendered":"<p style=\"text-align: justify;\"><span style=\"font-size: 12pt; font-family: verdana, geneva, sans-serif; color: #000000;\">T\u00edtulo: A QUEST\u00c3O FEMININA EM NOSSOS MEIOS<\/span><br \/>\n<span style=\"font-size: 12pt; font-family: verdana, geneva, sans-serif; color: #000000;\">Autor: LUC\u00cdA S\u00c1NCHEZ SAORNIL<\/span><br \/>\n<span style=\"font-size: 12pt; font-family: verdana, geneva, sans-serif; color: #000000;\">Editora: BIBLIOTECA TERRA LIVRE &amp; EDITORIAL ELEUTERIO<\/span><br \/>\n<span style=\"font-size: 12pt; font-family: verdana, geneva, sans-serif; color: #000000;\">Idioma: portugu\u00eas<\/span><br \/>\n<span style=\"font-size: 12pt; font-family: verdana, geneva, sans-serif; color: #000000;\">Encaderna\u00e7\u00e3o: Brochura<\/span><br \/>\n<span style=\"font-size: 12pt; font-family: verdana, geneva, sans-serif; color: #000000;\">Dimens\u00e3o: 21 x 14 cm<\/span><br \/>\n<span style=\"font-size: 12pt; font-family: verdana, geneva, sans-serif; color: #000000;\">Edi\u00e7\u00e3o: 1\u00aa<\/span><br \/>\n<span style=\"font-size: 12pt; font-family: verdana, geneva, sans-serif; color: #000000;\">Ano de Lan\u00e7amento: Novembro 2015<\/span><br \/>\n<span style=\"font-size: 12pt; font-family: verdana, geneva, sans-serif; color: #000000;\">N\u00famero de p\u00e1ginas: 116<\/span><\/p>\n<p style=\"text-align: justify;\">\n<p style=\"text-align: justify;\"><span style=\"font-size: 12pt; font-family: verdana, geneva, sans-serif; color: #000000;\"><strong>APRESENTA\u00c7\u00c3O:<\/strong><\/span><\/p>\n<p style=\"text-align: justify;\"><span style=\"font-size: 12pt; font-family: verdana, geneva, sans-serif; color: #000000;\">Luc\u00eda S\u00e1nchez Saornil nasceu em 13 de dezembro de 1895 em Madrid. Oriunda de uma fam\u00edlia de extra\u00e7\u00e3o prolet\u00e1ria formou-se de modo autodidata. Em 1914, com apenas 18 anos, publicou seu primeiro poema de inspira\u00e7\u00e3o modernista, intitulado \u201cNieve\u201d, no seman\u00e1rio Avante, de Ciudad Rodrigo. Em 1918 participa como militante ativa do ultra\u00edsmo, sendo a \u00fanica poetisa a publicar nas revistas vinculadas a este movimento est\u00e9tico de vanguarda. Em fins da d\u00e9cada de 1920, por causa do aumento dos conflitos laborais na Telef\u00f4nica, onde trabalha como telefonista vincula-se \u00e0 central de orienta\u00e7\u00e3o anarcossindicalista CNT. Das suas publica\u00e7\u00f5es nos jornais anarquistas e anarcossindicalistas, destaca-se sua cr\u00edtica contundente ao machismo estrutural dentro da CNT, como se pode evidenciar por meio do embate travado entre ela e Mariano V\u00e1zquez nas p\u00e1ginas do peri\u00f3dico barcelon\u00eas \u201cSolidaridad Obrera\u201d. Ciente de que a \u201cquest\u00e3o feminina\u201d n\u00e3o poderia ser reduzida \u00e0 \u201cquest\u00e3o social\u201d, ela foi, ao lado de Mercedes Comaposada e Amparo Poch y Gasc\u00f3n, uma das iniciadoras de Mujeres Libres, vindo a ser a principal respons\u00e1vel tanto pela linha editorial da Revista, quanto pela orienta\u00e7\u00e3o pol\u00edtica da Organiza\u00e7\u00e3o, que chegou a mobilizar cerca de vinte mil mulheres trabalhadoras na \u201cdupla luta\u201d pela sua emancipa\u00e7\u00e3o de classe e de g\u00eanero durante a guerra e a revolu\u00e7\u00e3o espanhola. Com a derrota para Franco, Luc\u00eda busca ex\u00edlio na Fran\u00e7a, de onde retorna cerca de tr\u00eas anos depois. Durante o franquismo, mant\u00eam-se completamente desligada das atividades pol\u00edticas. Luc\u00eda morreu em 02 de junho de 1970 em Valencia , vitimada por um c\u00e2ncer de pulm\u00e3o. Na l\u00e1pide de seu t\u00famulo, pode-se ler a seguinte frase: \u201c\u00bfPero es verdade, que la esperanza h\u00e1 muerto?\u201d, primeira estrofe de seus \u201cSonetos de la desesperanza\u201d.<\/span><\/p>\n","protected":false},"excerpt":{"rendered":"<p>T\u00edtulo: A QUEST\u00c3O FEMININA EM NOSSOS MEIOS Autor: LUC\u00cdA S\u00c1NCHEZ SAORNIL Editora: BIBLIOTECA TERRA LIVRE &amp; EDITORIAL ELEUTERIO Idioma: portugu\u00eas Encaderna\u00e7\u00e3o: Brochura Dimens\u00e3o: 21 x 14 cm Edi\u00e7\u00e3o: 1\u00aa Ano de Lan\u00e7amento: Novembro 2015 N\u00famero de p\u00e1ginas: 116 APRESENTA\u00c7\u00c3O: Luc\u00eda S\u00e1nchez Saornil nasceu em 13 de dezembro de 1895 em Madrid. Oriunda de uma fam\u00edlia [&hellip;]<\/p>\n","protected":false},"featured_media":16433,"template":"","meta":{"_et_pb_use_builder":"","_et_pb_old_content":"","_et_gb_content_width":"","jetpack_post_was_ever_published":false,"jetpack_publicize_message":"","jetpack_publicize_feature_enabled":true,"jetpack_social_post_already_shared":true,"jetpack_social_options":{"image_generator_settings":{"template":"highway","default_image_id":0,"font":"","enabled":false},"version":2}},"product_brand":[],"product_cat":[47],"product_tag":[989],"class_list":{"0":"post-16432","1":"product","2":"type-product","3":"status-publish","4":"has-post-thumbnail","6":"product_cat-livros","7":"product_tag-questao-feminina","9":"first","10":"instock","11":"shipping-taxable","12":"purchasable","13":"product-type-simple"},"jetpack_publicize_connections":[],"jetpack_sharing_enabled":true,"jetpack-related-posts":[],"_links":{"self":[{"href":"https:\/\/nogods-nomasters.com\/nogodsnomasters\/wp-json\/wp\/v2\/product\/16432","targetHints":{"allow":["GET"]}}],"collection":[{"href":"https:\/\/nogods-nomasters.com\/nogodsnomasters\/wp-json\/wp\/v2\/product"}],"about":[{"href":"https:\/\/nogods-nomasters.com\/nogodsnomasters\/wp-json\/wp\/v2\/types\/product"}],"wp:featuredmedia":[{"embeddable":true,"href":"https:\/\/nogods-nomasters.com\/nogodsnomasters\/wp-json\/wp\/v2\/media\/16433"}],"wp:attachment":[{"href":"https:\/\/nogods-nomasters.com\/nogodsnomasters\/wp-json\/wp\/v2\/media?parent=16432"}],"wp:term":[{"taxonomy":"product_brand","embeddable":true,"href":"https:\/\/nogods-nomasters.com\/nogodsnomasters\/wp-json\/wp\/v2\/product_brand?post=16432"},{"taxonomy":"product_cat","embeddable":true,"href":"https:\/\/nogods-nomasters.com\/nogodsnomasters\/wp-json\/wp\/v2\/product_cat?post=16432"},{"taxonomy":"product_tag","embeddable":true,"href":"https:\/\/nogods-nomasters.com\/nogodsnomasters\/wp-json\/wp\/v2\/product_tag?post=16432"}],"curies":[{"name":"wp","href":"https:\/\/api.w.org\/{rel}","templated":true}]}}