{"id":17124,"date":"2021-09-21T18:03:45","date_gmt":"2021-09-21T18:03:45","guid":{"rendered":"https:\/\/nogods-nomasters.com\/nogodsnomasters\/?post_type=product&#038;p=17124"},"modified":"2024-01-30T15:03:04","modified_gmt":"2024-01-30T15:03:04","slug":"lutando-na-espanha-george-orwell","status":"publish","type":"product","link":"https:\/\/nogods-nomasters.com\/nogodsnomasters\/produto\/lutando-na-espanha-george-orwell\/","title":{"rendered":"Lutando na Espanha &#8211; George Orwell"},"content":{"rendered":"<p style=\"text-align: justify;\"><span style=\"font-family: verdana, geneva, sans-serif; color: #000000;\">Dentro deste livro voc\u00ea encontrar\u00e1 dois textos de George Orwell sobre a Guerra Civil Espanhola: Homenagem \u00e0 Catalunha e Recordando a Guerra Civil Espanhola. Nesses textos, Orwell narra seu cotidiano nas trincheiras do POUM, organiza\u00e7\u00e3o antifascista com a qual o autor esteve ligado durante a guerra. A mis\u00e9ria, as condi\u00e7\u00f5es prec\u00e1rias, a falta de armamento e soldados qualificados, todas essas e muitas outras dificuldades s\u00e3o expostas nestas p\u00e1ginas. Para al\u00e9m dessas quest\u00f5es, Orwell tamb\u00e9m descreve o curioso clima revolucion\u00e1rio de companheirismo e igualdade. George Orwell nasceu Eric Arthur Blair, na \u00cdndia brit\u00e2nica, em 1903. O pseud\u00f4nimo pelo qual ele se tornou universalmente conhecido foi adotado pelo autor em seu primeiro livro, Na Pior em Paris e Londres. Orwell alcan\u00e7ou notoriedade sobretudo por duas de suas obras: Revolu\u00e7\u00e3o dos Bichos e 1984, ambas cr\u00edticas ferrenhas a regimes autorit\u00e1rios e seus m\u00e9todos de controle social. Hoje em dia, o termo orwelliano j\u00e1 se tornou de uso corrente, principalmente para adjetivar regimes e personalidades autorit\u00e1rias. Sempre atento aos problemas sociais de seu tempo, Orwell adotou uma postura pr\u00f3-socialista, mas sem jamais tomar uma postura sect\u00e1ria.<\/span><\/p>\n<p><span style=\"color: #000000; font-family: verdana, geneva, sans-serif;\">202 p\u00e1ginas. Em portugu\u00eas<\/span><\/p>\n","protected":false},"excerpt":{"rendered":"<p>Dentro deste livro voc\u00ea encontrar\u00e1 dois textos de George Orwell sobre a Guerra Civil Espanhola: Homenagem \u00e0 Catalunha e Recordando a Guerra Civil Espanhola. Nesses textos, Orwell narra seu cotidiano nas trincheiras do POUM, organiza\u00e7\u00e3o antifascista com a qual o autor esteve ligado durante a guerra. A mis\u00e9ria, as condi\u00e7\u00f5es prec\u00e1rias, a falta de armamento [&hellip;]<\/p>\n","protected":false},"featured_media":17120,"template":"","meta":{"_et_pb_use_builder":"","_et_pb_old_content":"","_et_gb_content_width":"","jetpack_post_was_ever_published":false,"jetpack_publicize_message":"","jetpack_publicize_feature_enabled":true,"jetpack_social_post_already_shared":true,"jetpack_social_options":{"image_generator_settings":{"template":"highway","default_image_id":0,"font":"","enabled":false},"version":2}},"product_brand":[],"product_cat":[47],"product_tag":[1078,1079],"class_list":{"0":"post-17124","1":"product","2":"type-product","3":"status-publish","4":"has-post-thumbnail","6":"product_cat-livros","7":"product_tag-george-orwell","8":"product_tag-lutando-na-espanha","10":"first","11":"instock","12":"shipping-taxable","13":"purchasable","14":"product-type-simple"},"jetpack_publicize_connections":[],"jetpack_sharing_enabled":true,"jetpack-related-posts":[],"_links":{"self":[{"href":"https:\/\/nogods-nomasters.com\/nogodsnomasters\/wp-json\/wp\/v2\/product\/17124","targetHints":{"allow":["GET"]}}],"collection":[{"href":"https:\/\/nogods-nomasters.com\/nogodsnomasters\/wp-json\/wp\/v2\/product"}],"about":[{"href":"https:\/\/nogods-nomasters.com\/nogodsnomasters\/wp-json\/wp\/v2\/types\/product"}],"wp:featuredmedia":[{"embeddable":true,"href":"https:\/\/nogods-nomasters.com\/nogodsnomasters\/wp-json\/wp\/v2\/media\/17120"}],"wp:attachment":[{"href":"https:\/\/nogods-nomasters.com\/nogodsnomasters\/wp-json\/wp\/v2\/media?parent=17124"}],"wp:term":[{"taxonomy":"product_brand","embeddable":true,"href":"https:\/\/nogods-nomasters.com\/nogodsnomasters\/wp-json\/wp\/v2\/product_brand?post=17124"},{"taxonomy":"product_cat","embeddable":true,"href":"https:\/\/nogods-nomasters.com\/nogodsnomasters\/wp-json\/wp\/v2\/product_cat?post=17124"},{"taxonomy":"product_tag","embeddable":true,"href":"https:\/\/nogods-nomasters.com\/nogodsnomasters\/wp-json\/wp\/v2\/product_tag?post=17124"}],"curies":[{"name":"wp","href":"https:\/\/api.w.org\/{rel}","templated":true}]}}