{"id":17125,"date":"2021-09-21T18:09:49","date_gmt":"2021-09-21T18:09:49","guid":{"rendered":"https:\/\/nogods-nomasters.com\/nogodsnomasters\/?post_type=product&#038;p=17125"},"modified":"2025-09-18T04:37:52","modified_gmt":"2025-09-18T04:37:52","slug":"na-pior-em-paris-e-londres-george-orwell","status":"publish","type":"product","link":"https:\/\/nogods-nomasters.com\/nogodsnomasters\/produto\/na-pior-em-paris-e-londres-george-orwell\/","title":{"rendered":"Na pior em Paris e Londres &#8211; George Orwell"},"content":{"rendered":"<p style=\"text-align: justify;\"><span style=\"font-family: verdana, geneva, sans-serif; font-size: 12pt; color: #000000;\">No final do anos 20, decidido a tornar-se escritor, o jovem Eric Arthur Blair resolveu viver uma experi\u00eancia pioneira e radical: submeter-se \u00e0 pobreza extrema &#8211; e depois narr\u00e1-la. Em 1928, instalou-se em Paris com algumas economias e come\u00e7ou a dar aulas de ingl\u00eas &#8211; mas em pouco tempo perdeu os alunos e foi roubado. Sem dinheiro, passou fome, penhorou as pr\u00f3prias roupas, trabalhou em restaurantes s\u00f3rdidos e por fim partiu para a Inglaterra. Enquanto esperava por um emprego incerto, radicalizou ainda mais sua experi\u00eancia convivendo intensamente com os mendigos de Londres, perambulando de albergue em albergue, atr\u00e1s de dormida, comida e tabaco.<\/span><br \/>\n<span style=\"font-family: verdana, geneva, sans-serif; font-size: 12pt; color: #000000;\">\u00c9 essa viv\u00eancia miser\u00e1vel que Orwell relata com humor e indigna\u00e7\u00e3o, distanciamento e participa\u00e7\u00e3o. Recusado por v\u00e1rias editoras inglesas, o livro s\u00f3 foi publicado em 1933, trazendo, pela primeira vez, o pseud\u00f4nimo que consagraria um dos maiores escritores do s\u00e9culo XX.<\/span><\/p>\n<p><span style=\"color: #000000; font-family: verdana, geneva, sans-serif; font-size: 12pt;\">182 p\u00e1ginas. Em portugu\u00eas<\/span><\/p>\n","protected":false},"excerpt":{"rendered":"<p>No final do anos 20, decidido a tornar-se escritor, o jovem Eric Arthur Blair resolveu viver uma experi\u00eancia pioneira e radical: submeter-se \u00e0 pobreza extrema &#8211; e depois narr\u00e1-la. Em 1928, instalou-se em Paris com algumas economias e come\u00e7ou a dar aulas de ingl\u00eas &#8211; mas em pouco tempo perdeu os alunos e foi roubado. [&hellip;]<\/p>\n","protected":false},"featured_media":17121,"template":"","meta":{"_et_pb_use_builder":"","_et_pb_old_content":"","_et_gb_content_width":"","jetpack_post_was_ever_published":false,"jetpack_publicize_message":"","jetpack_publicize_feature_enabled":true,"jetpack_social_post_already_shared":true,"jetpack_social_options":{"image_generator_settings":{"template":"highway","default_image_id":0,"font":"","enabled":false},"version":2}},"product_brand":[],"product_cat":[47],"product_tag":[1078,1080],"class_list":{"0":"post-17125","1":"product","2":"type-product","3":"status-publish","4":"has-post-thumbnail","6":"product_cat-livros","7":"product_tag-george-orwell","8":"product_tag-na-pior-em-paris-e-londres","10":"first","11":"instock","12":"shipping-taxable","13":"purchasable","14":"product-type-simple"},"jetpack_publicize_connections":[],"jetpack_sharing_enabled":true,"jetpack-related-posts":[],"_links":{"self":[{"href":"https:\/\/nogods-nomasters.com\/nogodsnomasters\/wp-json\/wp\/v2\/product\/17125","targetHints":{"allow":["GET"]}}],"collection":[{"href":"https:\/\/nogods-nomasters.com\/nogodsnomasters\/wp-json\/wp\/v2\/product"}],"about":[{"href":"https:\/\/nogods-nomasters.com\/nogodsnomasters\/wp-json\/wp\/v2\/types\/product"}],"wp:featuredmedia":[{"embeddable":true,"href":"https:\/\/nogods-nomasters.com\/nogodsnomasters\/wp-json\/wp\/v2\/media\/17121"}],"wp:attachment":[{"href":"https:\/\/nogods-nomasters.com\/nogodsnomasters\/wp-json\/wp\/v2\/media?parent=17125"}],"wp:term":[{"taxonomy":"product_brand","embeddable":true,"href":"https:\/\/nogods-nomasters.com\/nogodsnomasters\/wp-json\/wp\/v2\/product_brand?post=17125"},{"taxonomy":"product_cat","embeddable":true,"href":"https:\/\/nogods-nomasters.com\/nogodsnomasters\/wp-json\/wp\/v2\/product_cat?post=17125"},{"taxonomy":"product_tag","embeddable":true,"href":"https:\/\/nogods-nomasters.com\/nogodsnomasters\/wp-json\/wp\/v2\/product_tag?post=17125"}],"curies":[{"name":"wp","href":"https:\/\/api.w.org\/{rel}","templated":true}]}}