{"id":17127,"date":"2021-09-21T18:18:20","date_gmt":"2021-09-21T18:18:20","guid":{"rendered":"https:\/\/nogods-nomasters.com\/nogodsnomasters\/?post_type=product&#038;p=17127"},"modified":"2025-10-20T12:12:27","modified_gmt":"2025-10-20T12:12:27","slug":"1984-george-orwell","status":"publish","type":"product","link":"https:\/\/nogods-nomasters.com\/nogodsnomasters\/produto\/1984-george-orwell\/","title":{"rendered":"1984 &#8211; George Orwell"},"content":{"rendered":"<p style=\"text-align: justify;\"><span style=\"color: #000000; font-family: verdana, geneva, sans-serif; font-size: 12pt;\">O livro narra a hist\u00f3ria de Winston Smith, homem de meia idade e membro do Partido Externo. Trabalhava como funcion\u00e1rio do Minist\u00e9rio da Verdade, onde reescrevia e alterava dados de acordo com os interesses do Partido. Os cap\u00edtulos do livro podem ser divididos em tr\u00eas partes: a primeira parte relata como era a sociedade criada por George Orwell, uma sociedade inspirada na opress\u00e3o dos regimes totalit\u00e1rios das d\u00e9cadas de 30 e 40. O mundo era dividido em tr\u00eas na\u00e7\u00f5es distintas: Oceania (onde Winston vivia), Eur\u00e1sia e Lest\u00e1sia, territ\u00f3rios que se mantinham em guerra uns contra os outros. Cada na\u00e7\u00e3o era governada pelo Partido, que era coordenado pelo Grande Irm\u00e3o (Big Brother) e pelos membros do Partido Interno. O restante da popula\u00e7\u00e3o era dividido entre os membros do Partido Externo e a prole. Os membros do Partido Interno eram pessoas ricas e com benef\u00edcios, j\u00e1 o Partido Externo n\u00e3o possu\u00eda benef\u00edcios, mas n\u00e3o era totalmente abandonado quanto \u00e0 prole. O lema do Partido era:<\/span><\/p>\n<p style=\"text-align: justify;\"><span style=\"color: #000000; font-family: verdana, geneva, sans-serif; font-size: 12pt;\">\u00a0<strong>\u201c<\/strong>GUERRA \u00c9 PAZ, LIBERDADE \u00c9 ESCRAVID\u00c3O E IGNOR\u00c2NCIA \u00c9 FOR\u00c7A<strong>\u201d<\/strong>.<\/span><\/p>\n<p style=\"text-align: justify;\"><span style=\"color: #000000; font-family: verdana, geneva, sans-serif; font-size: 12pt;\">\u00a0 \u00a0O Partido era representado pelos quatros Minist\u00e9rios, o da Verdade, respons\u00e1vel por tudo que \u00e9 escrito seguindo a l\u00f3gica de que o Partido \u00e9 infal\u00edvel e nunca errou. O Minist\u00e9rio da Paz, respons\u00e1vel pela guerra, o Minist\u00e9rio da Fartura, respons\u00e1vel pela economia e o Minist\u00e9rio do Amor, respons\u00e1vel pela espionagem e controle da popula\u00e7\u00e3o. Como ferramenta de espionagem, eram usadas as teletelas que observavam todos os membros do Partido a todo instante. A segunda parte do livro conta a revolu\u00e7\u00e3o interna de Winston, pois ele n\u00e3o concordava com os ideais do Partido. Winston conhece uma jovem chamada Julia e come\u00e7a a ter encontros escondidos com ela, pois relacionamentos eram extremamente proibidos pelo Partido. Comprar no mercado comum, usar qualquer tipo de adere\u00e7o, ficar muito tempo sozinho ou andar nos bairros onde a prole vivia eram, tamb\u00e9m, proibidos. A terceira parte mostra o desfecho do livro, onde Orwell evidencia que a pr\u00e1tica totalitarista \u00e9 eficiente em manter a ordem, pois as pessoas que eram pegas pelo Minist\u00e9rio da Verdade sumiam e todas as evid\u00eancias de sua exist\u00eancia eram apagadas ou eram torturadas e reeducadas para voltar \u00e0 sociedade.<\/span><\/p>\n<p style=\"text-align: justify;\"><span style=\"color: #000000; font-family: verdana, geneva, sans-serif; font-size: 12pt;\">357 p\u00e1ginas. Est\u00e1 em portugu\u00eas.<\/span><\/p>\n","protected":false},"excerpt":{"rendered":"<p>O livro narra a hist\u00f3ria de Winston Smith, homem de meia idade e membro do Partido Externo. Trabalhava como funcion\u00e1rio do Minist\u00e9rio da Verdade, onde reescrevia e alterava dados de acordo com os interesses do Partido. Os cap\u00edtulos do livro podem ser divididos em tr\u00eas partes: a primeira parte relata como era a sociedade criada [&hellip;]<\/p>\n","protected":false},"featured_media":17119,"template":"","meta":{"_et_pb_use_builder":"","_et_pb_old_content":"","_et_gb_content_width":"","jetpack_post_was_ever_published":false,"jetpack_publicize_message":"","jetpack_publicize_feature_enabled":true,"jetpack_social_post_already_shared":true,"jetpack_social_options":{"image_generator_settings":{"template":"highway","default_image_id":0,"font":"","enabled":false},"version":2}},"product_brand":[],"product_cat":[47],"product_tag":[1082,1078],"class_list":{"0":"post-17127","1":"product","2":"type-product","3":"status-publish","4":"has-post-thumbnail","6":"product_cat-livros","7":"product_tag-1082","8":"product_tag-george-orwell","10":"first","11":"instock","12":"shipping-taxable","13":"purchasable","14":"product-type-simple"},"jetpack_publicize_connections":[],"jetpack_sharing_enabled":true,"jetpack-related-posts":[],"_links":{"self":[{"href":"https:\/\/nogods-nomasters.com\/nogodsnomasters\/wp-json\/wp\/v2\/product\/17127","targetHints":{"allow":["GET"]}}],"collection":[{"href":"https:\/\/nogods-nomasters.com\/nogodsnomasters\/wp-json\/wp\/v2\/product"}],"about":[{"href":"https:\/\/nogods-nomasters.com\/nogodsnomasters\/wp-json\/wp\/v2\/types\/product"}],"wp:featuredmedia":[{"embeddable":true,"href":"https:\/\/nogods-nomasters.com\/nogodsnomasters\/wp-json\/wp\/v2\/media\/17119"}],"wp:attachment":[{"href":"https:\/\/nogods-nomasters.com\/nogodsnomasters\/wp-json\/wp\/v2\/media?parent=17127"}],"wp:term":[{"taxonomy":"product_brand","embeddable":true,"href":"https:\/\/nogods-nomasters.com\/nogodsnomasters\/wp-json\/wp\/v2\/product_brand?post=17127"},{"taxonomy":"product_cat","embeddable":true,"href":"https:\/\/nogods-nomasters.com\/nogodsnomasters\/wp-json\/wp\/v2\/product_cat?post=17127"},{"taxonomy":"product_tag","embeddable":true,"href":"https:\/\/nogods-nomasters.com\/nogodsnomasters\/wp-json\/wp\/v2\/product_tag?post=17127"}],"curies":[{"name":"wp","href":"https:\/\/api.w.org\/{rel}","templated":true}]}}