{"id":17601,"date":"2023-07-10T21:07:49","date_gmt":"2023-07-10T21:07:49","guid":{"rendered":"https:\/\/nogods-nomasters.com\/nogodsnomasters\/?post_type=product&#038;p=17601"},"modified":"2025-10-13T12:01:39","modified_gmt":"2025-10-13T12:01:39","slug":"viver-a-utopia-cinco-ilhas-de-um-arquipelago-disperso-2","status":"publish","type":"product","link":"https:\/\/nogods-nomasters.com\/nogodsnomasters\/produto\/viver-a-utopia-cinco-ilhas-de-um-arquipelago-disperso-2\/","title":{"rendered":"Viver a Utopia \u2014 cinco ilhas de um arquip\u00e9lago disperso"},"content":{"rendered":"<div class=\"rte\">\n<p style=\"text-align: justify;\"><span style=\"font-family: verdana, geneva, sans-serif; color: #000000;\">Nesta edi\u00e7\u00e3o, a Barricada de Livros decidiu divulgar cinco experi\u00eancias concretas protagonizadas por anarquistas, viradas para o \u201cmundo real\u201d e que, apesar de serem \u201cilhas\u201d pequenas rodeadas por um \u201cmar\u201d imenso e adverso, j\u00e1 perduram h\u00e1 muitos anos e em lugares distintos: Diony-Coop, uma cooperativa autogerida de consumo alimentar em Saint-Denis, uma cidade-sat\u00e9lite de Paris; Ell\u00e8utera, uma editora com sede em Mil\u00e3o; Paideia, uma escola na cidade espanhola de M\u00e9rida; Soma, uma terapia concebida pelo multifacetado anarquista brasileiro Roberto Freire; por fim, Urupia, uma comunidade agr\u00edcola na regi\u00e3o italiana da Puglia.<\/span><\/p>\n<p style=\"text-align: justify;\"><span style=\"font-family: verdana, geneva, sans-serif; color: #000000;\">184 p\u00e1ginas<\/span><\/p>\n<\/div>\n","protected":false},"excerpt":{"rendered":"<p>Nesta edi\u00e7\u00e3o, a Barricada de Livros decidiu divulgar cinco experi\u00eancias concretas protagonizadas por anarquistas, viradas para o \u201cmundo real\u201d e que, apesar de serem \u201cilhas\u201d pequenas rodeadas por um \u201cmar\u201d imenso e adverso, j\u00e1 perduram h\u00e1 muitos anos e em lugares distintos: Diony-Coop, uma cooperativa autogerida de consumo alimentar em Saint-Denis, uma cidade-sat\u00e9lite de Paris; [&hellip;]<\/p>\n","protected":false},"featured_media":17602,"template":"","meta":{"_et_pb_use_builder":"","_et_pb_old_content":"","_et_gb_content_width":"","jetpack_post_was_ever_published":false,"jetpack_publicize_message":"","jetpack_publicize_feature_enabled":true,"jetpack_social_post_already_shared":true,"jetpack_social_options":{"image_generator_settings":{"template":"highway","default_image_id":0,"font":"","enabled":false},"version":2}},"product_brand":[],"product_cat":[47],"product_tag":[144,1100],"class_list":{"0":"post-17601","1":"product","2":"type-product","3":"status-publish","4":"has-post-thumbnail","6":"product_cat-livros","7":"product_tag-anarquismo","8":"product_tag-viver-a-utopia","10":"first","11":"instock","12":"shipping-taxable","13":"purchasable","14":"product-type-simple"},"jetpack_publicize_connections":[],"jetpack_sharing_enabled":true,"jetpack-related-posts":[],"_links":{"self":[{"href":"https:\/\/nogods-nomasters.com\/nogodsnomasters\/wp-json\/wp\/v2\/product\/17601","targetHints":{"allow":["GET"]}}],"collection":[{"href":"https:\/\/nogods-nomasters.com\/nogodsnomasters\/wp-json\/wp\/v2\/product"}],"about":[{"href":"https:\/\/nogods-nomasters.com\/nogodsnomasters\/wp-json\/wp\/v2\/types\/product"}],"wp:featuredmedia":[{"embeddable":true,"href":"https:\/\/nogods-nomasters.com\/nogodsnomasters\/wp-json\/wp\/v2\/media\/17602"}],"wp:attachment":[{"href":"https:\/\/nogods-nomasters.com\/nogodsnomasters\/wp-json\/wp\/v2\/media?parent=17601"}],"wp:term":[{"taxonomy":"product_brand","embeddable":true,"href":"https:\/\/nogods-nomasters.com\/nogodsnomasters\/wp-json\/wp\/v2\/product_brand?post=17601"},{"taxonomy":"product_cat","embeddable":true,"href":"https:\/\/nogods-nomasters.com\/nogodsnomasters\/wp-json\/wp\/v2\/product_cat?post=17601"},{"taxonomy":"product_tag","embeddable":true,"href":"https:\/\/nogods-nomasters.com\/nogodsnomasters\/wp-json\/wp\/v2\/product_tag?post=17601"}],"curies":[{"name":"wp","href":"https:\/\/api.w.org\/{rel}","templated":true}]}}