{"id":17607,"date":"2023-07-11T21:04:01","date_gmt":"2023-07-11T21:04:01","guid":{"rendered":"https:\/\/nogods-nomasters.com\/nogodsnomasters\/?post_type=product&#038;p=17607"},"modified":"2025-07-29T19:30:37","modified_gmt":"2025-07-29T19:30:37","slug":"molt-malament-2","status":"publish","type":"product","link":"https:\/\/nogods-nomasters.com\/nogodsnomasters\/produto\/molt-malament-2\/","title":{"rendered":"Molt Malament"},"content":{"rendered":"<div class=\"rte\">\n<p style=\"text-align: justify;\"><span style=\"font-family: verdana, geneva, sans-serif; color: #000000;\">25 anos fotografando de forma anal\u00f3gica, dezenas de gigs, dezenas de bandas, que passaram por Barcelona e por onde seu autor tamb\u00e9m passou.<\/span><\/p>\n<p style=\"text-align: justify;\"><span style=\"font-family: verdana, geneva, sans-serif; color: #000000;\">Nestas mais de 200 p\u00e1ginas Fidel expressa seu olhar em fotos de momentos \u00fanicos de bandas como Intolerance, Drop Dead, Seein red, Harum Scarum, Severed head of state, Tragedy, ActiveMinds, Rakta, Alarm, Belgrado, Submission Hold, e muitas outras, al\u00e9m de rostos, punks, lugares&#8230;.<\/span><\/p>\n<p style=\"text-align: justify;\"><span style=\"font-family: verdana, geneva, sans-serif; color: #000000;\">Um documento fotogr\u00e1fico punk.<\/span><\/p>\n<p style=\"text-align: justify;\"><span style=\"font-family: verdana, geneva, sans-serif; color: #000000;\">223 p\u00e1ginas <\/span><\/p>\n<p style=\"text-align: justify;\"><span style=\"font-family: verdana, geneva, sans-serif; color: #000000;\">Formato 25x25cm<\/span><\/p>\n<\/div>\n","protected":false},"excerpt":{"rendered":"<p>25 anos fotografando de forma anal\u00f3gica, dezenas de gigs, dezenas de bandas, que passaram por Barcelona e por onde seu autor tamb\u00e9m passou. Nestas mais de 200 p\u00e1ginas Fidel expressa seu olhar em fotos de momentos \u00fanicos de bandas como Intolerance, Drop Dead, Seein red, Harum Scarum, Severed head of state, Tragedy, ActiveMinds, Rakta, Alarm, [&hellip;]<\/p>\n","protected":false},"featured_media":17608,"template":"","meta":{"_et_pb_use_builder":"","_et_pb_old_content":"","_et_gb_content_width":"","jetpack_post_was_ever_published":false,"jetpack_publicize_message":"","jetpack_publicize_feature_enabled":true,"jetpack_social_post_already_shared":true,"jetpack_social_options":{"image_generator_settings":{"template":"highway","default_image_id":0,"font":"","enabled":false},"version":2}},"product_brand":[],"product_cat":[47],"product_tag":[1102,69],"class_list":{"0":"post-17607","1":"product","2":"type-product","3":"status-publish","4":"has-post-thumbnail","6":"product_cat-livros","7":"product_tag-molt-malament","8":"product_tag-punk","10":"first","11":"instock","12":"shipping-taxable","13":"purchasable","14":"product-type-simple"},"jetpack_publicize_connections":[],"jetpack_sharing_enabled":true,"jetpack-related-posts":[],"_links":{"self":[{"href":"https:\/\/nogods-nomasters.com\/nogodsnomasters\/wp-json\/wp\/v2\/product\/17607","targetHints":{"allow":["GET"]}}],"collection":[{"href":"https:\/\/nogods-nomasters.com\/nogodsnomasters\/wp-json\/wp\/v2\/product"}],"about":[{"href":"https:\/\/nogods-nomasters.com\/nogodsnomasters\/wp-json\/wp\/v2\/types\/product"}],"wp:featuredmedia":[{"embeddable":true,"href":"https:\/\/nogods-nomasters.com\/nogodsnomasters\/wp-json\/wp\/v2\/media\/17608"}],"wp:attachment":[{"href":"https:\/\/nogods-nomasters.com\/nogodsnomasters\/wp-json\/wp\/v2\/media?parent=17607"}],"wp:term":[{"taxonomy":"product_brand","embeddable":true,"href":"https:\/\/nogods-nomasters.com\/nogodsnomasters\/wp-json\/wp\/v2\/product_brand?post=17607"},{"taxonomy":"product_cat","embeddable":true,"href":"https:\/\/nogods-nomasters.com\/nogodsnomasters\/wp-json\/wp\/v2\/product_cat?post=17607"},{"taxonomy":"product_tag","embeddable":true,"href":"https:\/\/nogods-nomasters.com\/nogodsnomasters\/wp-json\/wp\/v2\/product_tag?post=17607"}],"curies":[{"name":"wp","href":"https:\/\/api.w.org\/{rel}","templated":true}]}}