{"id":17877,"date":"2024-01-28T21:49:55","date_gmt":"2024-01-28T21:49:55","guid":{"rendered":"https:\/\/nogods-nomasters.com\/nogodsnomasters\/?post_type=product&#038;p=17877"},"modified":"2026-03-05T13:54:29","modified_gmt":"2026-03-05T13:54:29","slug":"agua-cantos-livre-lp-12","status":"publish","type":"product","link":"https:\/\/nogods-nomasters.com\/nogodsnomasters\/produto\/agua-cantos-livre-lp-12\/","title":{"rendered":"\u00c1gua &#8211; Cantos Livres LP 12&#8242; (NGNM 030)"},"content":{"rendered":"<p><span style=\"color: #000000;\">\u00c1gua \u2013 Cantos Livres LP 12\u201d<\/span><br \/>\n<span style=\"color: #000000;\">Cantos livres \u00e9 um disco sobre lugares e m\u00fasicas que vivem e falam de luta e liberdade.<\/span><br \/>\n<span style=\"color: #000000;\">O disco vem com um livreto de 20 p\u00e1ginas, com as letras em portugu\u00eas, ingl\u00eas e espanhol, uma compila\u00e7\u00e3o de textos e artigos sobre anarquia, liberdade, luta e territ\u00f3rio e as ilustra\u00e7\u00f5es de Yuri (Ipad\u00ea Est\u00fadio).<\/span><br \/>\n<span style=\"color: #000000;\">Os textos s\u00e3o retratos de diversas \u00e9pocas de lutas pelo mundo. Do anarquismo cl\u00e1ssico do s\u00e9culo 19 \u00e0 luta pela terra em pleno s\u00e9culo 21. Da propaganda libert\u00e1ria panflet\u00e1ria \u00e0s garrafas incendiarias, passeamos por um pouco do que nos inspira e nos ensinou a acreditar e colocar nossas vidas na luta por liberdade.<\/span><br \/>\n<span style=\"color: #000000;\">E este disco \u00e9 tamb\u00e9m sobre isto, sobre aquelas pessoas que plantaram sementes de revolta s\u00e9culos atr\u00e1s, sobre aquelas que atearam fogo no poder, sobre vidra\u00e7as quebradas, sobre pisar no territ\u00f3rio e sobre, insistentemente, ser livre.<\/span><br \/>\n<span style=\"color: #000000;\">\u00c1gua, 2024<\/span><\/p>\n","protected":false},"excerpt":{"rendered":"<p>\u00c1gua \u2013 Cantos Livres LP 12\u201d Cantos livres \u00e9 um disco sobre lugares e m\u00fasicas que vivem e falam de luta e liberdade. O disco vem com um livreto de 20 p\u00e1ginas, com as letras em portugu\u00eas, ingl\u00eas e espanhol, uma compila\u00e7\u00e3o de textos e artigos sobre anarquia, liberdade, luta e territ\u00f3rio e as ilustra\u00e7\u00f5es [&hellip;]<\/p>\n","protected":false},"featured_media":17775,"template":"","meta":{"_et_pb_use_builder":"","_et_pb_old_content":"","_et_gb_content_width":"","jetpack_post_was_ever_published":false,"jetpack_publicize_message":"","jetpack_publicize_feature_enabled":true,"jetpack_social_post_already_shared":true,"jetpack_social_options":{"image_generator_settings":{"template":"highway","default_image_id":0,"font":"","enabled":false},"version":2}},"product_brand":[],"product_cat":[46,61,53,59],"product_tag":[133,1123],"class_list":{"0":"post-17877","1":"product","2":"type-product","3":"status-publish","4":"has-post-thumbnail","6":"product_cat-discos","7":"product_cat-lp","8":"product_cat-nossoslancamentos","9":"product_cat-vinil","10":"product_tag-agua","11":"product_tag-cantos-livres","13":"first","14":"instock","15":"shipping-taxable","16":"purchasable","17":"product-type-simple"},"jetpack_publicize_connections":[],"jetpack_sharing_enabled":true,"jetpack-related-posts":[],"_links":{"self":[{"href":"https:\/\/nogods-nomasters.com\/nogodsnomasters\/wp-json\/wp\/v2\/product\/17877","targetHints":{"allow":["GET"]}}],"collection":[{"href":"https:\/\/nogods-nomasters.com\/nogodsnomasters\/wp-json\/wp\/v2\/product"}],"about":[{"href":"https:\/\/nogods-nomasters.com\/nogodsnomasters\/wp-json\/wp\/v2\/types\/product"}],"wp:featuredmedia":[{"embeddable":true,"href":"https:\/\/nogods-nomasters.com\/nogodsnomasters\/wp-json\/wp\/v2\/media\/17775"}],"wp:attachment":[{"href":"https:\/\/nogods-nomasters.com\/nogodsnomasters\/wp-json\/wp\/v2\/media?parent=17877"}],"wp:term":[{"taxonomy":"product_brand","embeddable":true,"href":"https:\/\/nogods-nomasters.com\/nogodsnomasters\/wp-json\/wp\/v2\/product_brand?post=17877"},{"taxonomy":"product_cat","embeddable":true,"href":"https:\/\/nogods-nomasters.com\/nogodsnomasters\/wp-json\/wp\/v2\/product_cat?post=17877"},{"taxonomy":"product_tag","embeddable":true,"href":"https:\/\/nogods-nomasters.com\/nogodsnomasters\/wp-json\/wp\/v2\/product_tag?post=17877"}],"curies":[{"name":"wp","href":"https:\/\/api.w.org\/{rel}","templated":true}]}}