{"id":18264,"date":"2025-12-15T18:44:17","date_gmt":"2025-12-15T18:44:17","guid":{"rendered":"https:\/\/nogods-nomasters.com\/nogodsnomasters\/?post_type=product&#038;p=18264"},"modified":"2025-12-15T18:44:18","modified_gmt":"2025-12-15T18:44:18","slug":"grupo-yramoi-djawe-cantos-sagrados-da-beira-do-mar-lp","status":"publish","type":"product","link":"https:\/\/nogods-nomasters.com\/nogodsnomasters\/produto\/grupo-yramoi-djawe-cantos-sagrados-da-beira-do-mar-lp\/","title":{"rendered":"Grupo Yramoi Djaw\u00e9 &#8211; Cantos Sagrados da Beira do Mar LP"},"content":{"rendered":"<p><span style=\"color: #000000;\">J\u00e1 dispon\u00edvel em LP vinil!<\/span><br \/>\n<span style=\"color: #000000;\">Edi\u00e7\u00e3o limitada<\/span><br \/>\n<span style=\"color: #000000;\">Frente gratuito para todo Brasil.<\/span><\/p>\n<p><span style=\"color: #000000;\">O Grupo Yramoi Djaw\u00e9 apresenta seu primeiro disco, os Cantos Sagrados da Beira do Mar.<\/span><\/p>\n<p><span style=\"color: #000000;\">S\u00e3o 8 cantos tupi guaranis que falam sobre viver na mata, sobre Tup\u00e3, sobre o mar e as estrelas, sobre a cura pela floresta, sobre estarmos juntos e cuidarmos uns dos outros. um disco que conta sobre ser parte da floresta e tamb\u00e9m sobre ser seus cuidadores.<\/span><\/p>\n<p><span style=\"color: #000000;\">O Grupo Yramoi Djaw\u00e9 foi idealizado na Aldeia Tapirema em Peru\u00edbe\/SP e vem juntando for\u00e7as para espalhar, atrav\u00e9s da m\u00fasica, o estilo de vida do povo tupi guarani.<\/span><br \/>\n<span style=\"color: #000000;\">Mas este disco espalha muito mais que isto, espalha emo\u00e7\u00f5es, exist\u00eancia, resist\u00eancia, sabedoria e principalmente o sentimento de comunidade.<\/span><\/p>\n<p><span style=\"color: #000000;\">Os Cantos Sagrados da Beira do Mar foi gravado no Estudio do Espa\u00e7o Cultural Semente Negra durante o inverno de 2025.<\/span><br \/>\n<span style=\"color: #000000;\">Em sua vers\u00e3o em vinil, o disco \u00e9 colorido em uma edi\u00e7\u00e3o especial com 180g e acompanha um encarte de 24 p\u00e1ginas com fotos e letras em portugu\u00eas e tupi guarani.<\/span><\/p>\n<p><span style=\"color: #000000;\">O disco conta ainda com um QR code que te direciona para uma pagina que conta com uma exposi\u00e7\u00e3o de fotos com \u00e1udio descri\u00e7\u00e3o, v\u00eddeos com libras de todas as m\u00fasicas e muito mais.<\/span><\/p>\n<p><span style=\"color: #000000;\">Sinta a for\u00e7a e resist\u00eancia dos cantos da floresta!<\/span><\/p>\n<p><span style=\"color: #000000;\">Gravado no est\u00fadio do Espa\u00e7o Cultural Semente Negra @sementenegra<\/span><br \/>\n<span style=\"color: #000000;\">Produ\u00e7\u00e3o: Coletivo Cultive Resist\u00eancia @cultiveresistencia <\/span><br \/>\n<span style=\"color: #000000;\">T\u00e9cnico de \u00e1udio, mixagem e masteriza\u00e7\u00e3o: Kleber @primeiroandarestudio <\/span><br \/>\n<span style=\"color: #000000;\">Arte da capa por @dewaneios_<\/span><br \/>\n<span style=\"color: #000000;\">Acessibilidade por Luciane Maria @lucianemariafnascimento<\/span><\/p>\n","protected":false},"excerpt":{"rendered":"<p>J\u00e1 dispon\u00edvel em LP vinil! Edi\u00e7\u00e3o limitada Frente gratuito para todo Brasil. O Grupo Yramoi Djaw\u00e9 apresenta seu primeiro disco, os Cantos Sagrados da Beira do Mar. S\u00e3o 8 cantos tupi guaranis que falam sobre viver na mata, sobre Tup\u00e3, sobre o mar e as estrelas, sobre a cura pela floresta, sobre estarmos juntos e [&hellip;]<\/p>\n","protected":false},"featured_media":18265,"template":"","meta":{"_et_pb_use_builder":"","_et_pb_old_content":"","_et_gb_content_width":"","jetpack_post_was_ever_published":false,"jetpack_publicize_message":"","jetpack_publicize_feature_enabled":true,"jetpack_social_post_already_shared":true,"jetpack_social_options":{"image_generator_settings":{"template":"highway","default_image_id":0,"font":"","enabled":false},"version":2}},"product_brand":[],"product_cat":[1136,61,59],"product_tag":[1137],"class_list":{"0":"post-18264","1":"product","2":"type-product","3":"status-publish","4":"has-post-thumbnail","6":"product_cat-frete-gratis","7":"product_cat-lp","8":"product_cat-vinil","9":"product_tag-yramoi-djawe","11":"first","12":"instock","13":"shipping-taxable","14":"purchasable","15":"product-type-simple"},"jetpack_publicize_connections":[],"jetpack_sharing_enabled":true,"jetpack-related-posts":[],"_links":{"self":[{"href":"https:\/\/nogods-nomasters.com\/nogodsnomasters\/wp-json\/wp\/v2\/product\/18264","targetHints":{"allow":["GET"]}}],"collection":[{"href":"https:\/\/nogods-nomasters.com\/nogodsnomasters\/wp-json\/wp\/v2\/product"}],"about":[{"href":"https:\/\/nogods-nomasters.com\/nogodsnomasters\/wp-json\/wp\/v2\/types\/product"}],"wp:featuredmedia":[{"embeddable":true,"href":"https:\/\/nogods-nomasters.com\/nogodsnomasters\/wp-json\/wp\/v2\/media\/18265"}],"wp:attachment":[{"href":"https:\/\/nogods-nomasters.com\/nogodsnomasters\/wp-json\/wp\/v2\/media?parent=18264"}],"wp:term":[{"taxonomy":"product_brand","embeddable":true,"href":"https:\/\/nogods-nomasters.com\/nogodsnomasters\/wp-json\/wp\/v2\/product_brand?post=18264"},{"taxonomy":"product_cat","embeddable":true,"href":"https:\/\/nogods-nomasters.com\/nogodsnomasters\/wp-json\/wp\/v2\/product_cat?post=18264"},{"taxonomy":"product_tag","embeddable":true,"href":"https:\/\/nogods-nomasters.com\/nogodsnomasters\/wp-json\/wp\/v2\/product_tag?post=18264"}],"curies":[{"name":"wp","href":"https:\/\/api.w.org\/{rel}","templated":true}]}}