{"id":7834,"date":"2016-08-30T15:56:01","date_gmt":"2016-08-30T15:56:01","guid":{"rendered":"http:\/\/nogods-nomasters.com\/nogodsnomasters\/produto\/maximum-rocknroll-n-382-marco-2015\/"},"modified":"2022-03-24T06:44:12","modified_gmt":"2022-03-24T06:44:12","slug":"maximum-rocknroll-n-382-marco-2015","status":"publish","type":"product","link":"https:\/\/nogods-nomasters.com\/nogodsnomasters\/produto\/maximum-rocknroll-n-382-marco-2015\/","title":{"rendered":"Maximum Rocknroll n. 382 &#8211; Mar\u00e7o 2015"},"content":{"rendered":"<p style=\"text-align: justify;\"><span style=\"font-size: 12pt; font-family: verdana,geneva,sans-serif;\">Este numero \u00e9 uma edi\u00e7\u00e3o anual tipo Os melhores do ano onde todos colunistas, escritores e cordenadores falam sobre o que mais gostaram no ano que passou, livros, discos, zines, k7s Al\u00e9m das pessoas j\u00e1 envolvidas na MRR algumas pessoas foram convidadas para esta edi\u00e7\u00e3o especial, dentre elas a nossa querida Laura Rakta, Paco do La vida es un mus, Ralph do selo Not Normal Records alem de entrevistas com PIG DNA, Uma reportagem sobre a cena punk\/diy de Grenoble, entrevista com Spot, colunas, reviews e muito mais. Est\u00e1 em ingl\u00eas.<br \/>\n<\/span><\/p>\n","protected":false},"excerpt":{"rendered":"<p>Este numero \u00e9 uma edi\u00e7\u00e3o anual tipo Os melhores do ano onde todos colunistas, escritores e cordenadores falam sobre o que mais gostaram no ano que passou, livros, discos, zines, k7s Al\u00e9m das pessoas j\u00e1 envolvidas na MRR algumas pessoas foram convidadas para esta edi\u00e7\u00e3o especial, dentre elas a nossa querida Laura Rakta, Paco do [&hellip;]<\/p>\n","protected":false},"featured_media":7849,"template":"","meta":{"_et_pb_use_builder":"","_et_pb_old_content":"","_et_gb_content_width":"","jetpack_post_was_ever_published":false,"jetpack_publicize_message":"","jetpack_publicize_feature_enabled":true,"jetpack_social_post_already_shared":true,"jetpack_social_options":{"image_generator_settings":{"template":"highway","default_image_id":0,"font":"","enabled":false},"version":2}},"product_brand":[],"product_cat":[81,48],"product_tag":[596,69,58],"class_list":{"0":"post-7834","1":"product","2":"type-product","3":"status-publish","4":"has-post-thumbnail","6":"product_cat-punk","7":"product_cat-zines","8":"product_tag-maximum-rocknroll","9":"product_tag-punk","10":"product_tag-zines","12":"first","13":"instock","14":"shipping-taxable","15":"purchasable","16":"product-type-simple"},"jetpack_publicize_connections":[],"jetpack_sharing_enabled":true,"jetpack-related-posts":[],"_links":{"self":[{"href":"https:\/\/nogods-nomasters.com\/nogodsnomasters\/wp-json\/wp\/v2\/product\/7834","targetHints":{"allow":["GET"]}}],"collection":[{"href":"https:\/\/nogods-nomasters.com\/nogodsnomasters\/wp-json\/wp\/v2\/product"}],"about":[{"href":"https:\/\/nogods-nomasters.com\/nogodsnomasters\/wp-json\/wp\/v2\/types\/product"}],"wp:featuredmedia":[{"embeddable":true,"href":"https:\/\/nogods-nomasters.com\/nogodsnomasters\/wp-json\/wp\/v2\/media\/7849"}],"wp:attachment":[{"href":"https:\/\/nogods-nomasters.com\/nogodsnomasters\/wp-json\/wp\/v2\/media?parent=7834"}],"wp:term":[{"taxonomy":"product_brand","embeddable":true,"href":"https:\/\/nogods-nomasters.com\/nogodsnomasters\/wp-json\/wp\/v2\/product_brand?post=7834"},{"taxonomy":"product_cat","embeddable":true,"href":"https:\/\/nogods-nomasters.com\/nogodsnomasters\/wp-json\/wp\/v2\/product_cat?post=7834"},{"taxonomy":"product_tag","embeddable":true,"href":"https:\/\/nogods-nomasters.com\/nogodsnomasters\/wp-json\/wp\/v2\/product_tag?post=7834"}],"curies":[{"name":"wp","href":"https:\/\/api.w.org\/{rel}","templated":true}]}}