{"id":7836,"date":"2016-08-30T16:02:35","date_gmt":"2016-08-30T16:02:35","guid":{"rendered":"http:\/\/nogods-nomasters.com\/nogodsnomasters\/produto\/maximum-rocknroll-n-383-abril-2015-especial-desenhos-e-artes\/"},"modified":"2025-08-09T16:03:00","modified_gmt":"2025-08-09T16:03:00","slug":"maximum-rocknroll-n-383-abril-2015-especial-desenhos-e-artes","status":"publish","type":"product","link":"https:\/\/nogods-nomasters.com\/nogodsnomasters\/produto\/maximum-rocknroll-n-383-abril-2015-especial-desenhos-e-artes\/","title":{"rendered":"Maximum Rocknroll n. 383 &#8211; Abril 2015 \u2013 Especial Desenhos e artes"},"content":{"rendered":"<div class=\"rte\">\n<p style=\"text-align: justify\"><span style=\"font-size: 12pt;font-family: verdana,geneva,sans-serif\">Edi\u00e7\u00e3o coordenada especialmente pelo convidado Alex Simon e capa pelo mexicano Abraham Diaz.<\/span><br \/>\n<span style=\"font-size: 12pt;font-family: verdana,geneva,sans-serif\">Esta edi\u00e7\u00e3o vem recehada com desenhos, quadrinhos e ilustra\u00e7\u00f5es por Jim Shomo, Sara Abru\u00f1a, Reuben Storey, Teodoro Hernandez, Tara Bursey, Payton Lower, Diane Maltesta, Andrew Scully, Ben Fordree, Juarma Lopez, J.M. Bertoyas, Shiva Addanki, Eugene Terry, Grimoire, Emma Kohlmann, Jack Hayden, Hector Sudor, Chico F\u00e9lix, Ivan Brun, Robin Wiberg, Anna Vo, Alexander Heir, Craoman, Christopher Nhdiystrec, Anna Haifisch, Luca Tetraite, Maren Karlson, Suzy X, Matt Crabe, Jeffrey Mahannah, Freak City, Heather Benjamin, Dustin McChesney, Julien Dupont, Laura Pallmall, Ruben Dahlstrand, Nathan Ward, Mar Estrema, Sapiens, Mengzhu Fu, Karissa Sakumoto, Pyotr Mulinov, Jyriki Nissinen, Luiz Berger, Luiz Gustavo Vargas, Yecatl Pe\u00f1a, Zoe Burke, Annie Mok, Marissa Paternoster, Emma Maatman e Rudy Loewe al\u00e9m das tradicionais resenhas, an\u00fancios e colunas que j\u00e1 acompanham a MRR por mais de 30 anos. <\/span><\/p>\n<\/div>\n<p style=\"text-align: justify\"><span style=\"font-size: 12pt;font-family: verdana,geneva,sans-serif\">\u00a0<\/span><\/p>\n","protected":false},"excerpt":{"rendered":"<p>Edi\u00e7\u00e3o coordenada especialmente pelo convidado Alex Simon e capa pelo mexicano Abraham Diaz. Esta edi\u00e7\u00e3o vem recehada com desenhos, quadrinhos e ilustra\u00e7\u00f5es por Jim Shomo, Sara Abru\u00f1a, Reuben Storey, Teodoro Hernandez, Tara Bursey, Payton Lower, Diane Maltesta, Andrew Scully, Ben Fordree, Juarma Lopez, J.M. Bertoyas, Shiva Addanki, Eugene Terry, Grimoire, Emma Kohlmann, Jack Hayden, Hector [&hellip;]<\/p>\n","protected":false},"featured_media":7837,"template":"","meta":{"_et_pb_use_builder":"","_et_pb_old_content":"","_et_gb_content_width":"","jetpack_post_was_ever_published":false,"jetpack_publicize_message":"","jetpack_publicize_feature_enabled":true,"jetpack_social_post_already_shared":true,"jetpack_social_options":{"image_generator_settings":{"template":"highway","default_image_id":0,"font":"","enabled":false},"version":2}},"product_brand":[],"product_cat":[81,48],"product_tag":[596,69,58],"class_list":{"0":"post-7836","1":"product","2":"type-product","3":"status-publish","4":"has-post-thumbnail","6":"product_cat-punk","7":"product_cat-zines","8":"product_tag-maximum-rocknroll","9":"product_tag-punk","10":"product_tag-zines","12":"first","13":"instock","14":"shipping-taxable","15":"purchasable","16":"product-type-simple"},"jetpack_publicize_connections":[],"jetpack_sharing_enabled":true,"jetpack-related-posts":[],"_links":{"self":[{"href":"https:\/\/nogods-nomasters.com\/nogodsnomasters\/wp-json\/wp\/v2\/product\/7836","targetHints":{"allow":["GET"]}}],"collection":[{"href":"https:\/\/nogods-nomasters.com\/nogodsnomasters\/wp-json\/wp\/v2\/product"}],"about":[{"href":"https:\/\/nogods-nomasters.com\/nogodsnomasters\/wp-json\/wp\/v2\/types\/product"}],"wp:featuredmedia":[{"embeddable":true,"href":"https:\/\/nogods-nomasters.com\/nogodsnomasters\/wp-json\/wp\/v2\/media\/7837"}],"wp:attachment":[{"href":"https:\/\/nogods-nomasters.com\/nogodsnomasters\/wp-json\/wp\/v2\/media?parent=7836"}],"wp:term":[{"taxonomy":"product_brand","embeddable":true,"href":"https:\/\/nogods-nomasters.com\/nogodsnomasters\/wp-json\/wp\/v2\/product_brand?post=7836"},{"taxonomy":"product_cat","embeddable":true,"href":"https:\/\/nogods-nomasters.com\/nogodsnomasters\/wp-json\/wp\/v2\/product_cat?post=7836"},{"taxonomy":"product_tag","embeddable":true,"href":"https:\/\/nogods-nomasters.com\/nogodsnomasters\/wp-json\/wp\/v2\/product_tag?post=7836"}],"curies":[{"name":"wp","href":"https:\/\/api.w.org\/{rel}","templated":true}]}}