{"id":7838,"date":"2016-08-30T16:07:48","date_gmt":"2016-08-30T16:07:48","guid":{"rendered":"http:\/\/nogods-nomasters.com\/nogodsnomasters\/produto\/maximum-rocknroll-n-384-maio-2015\/"},"modified":"2025-07-27T20:40:53","modified_gmt":"2025-07-27T20:40:53","slug":"maximum-rocknroll-n-384-maio-2015","status":"publish","type":"product","link":"https:\/\/nogods-nomasters.com\/nogodsnomasters\/produto\/maximum-rocknroll-n-384-maio-2015\/","title":{"rendered":"Maximum Rocknroll n. 384 &#8211; Maio 2015"},"content":{"rendered":"<p class=\"western\" style=\"text-align: justify;\"><span style=\"font-size: 12pt; font-family: verdana,geneva,sans-serif;\">Aqui est\u00e1 a Maximum Rocknroll # 384, Maio de 2015. Apesar do que foi falado na edi\u00e7\u00e3o de abril, eles n\u00e3o abandonaram as entrevistas. Neste numero, GLOSS em sua recente turn\u00ea na Costa Oeste e a MRR sentou-se com eles antes de seu show em San Jose para um incrivel bate papo.Tamb\u00e9m temos algumas conversas com TRANCE da Espanha, e Wu Wei, o vocalista de uma das mais antigas bandas punks da China, SMZB. Ian Svenonius entrevistando FAT CREEPS antes da sua pr\u00f3xima turn\u00ea europ\u00e9ia, e Osa Atoe conversou com Monica Estrella Negra sobre um espa\u00e7o Punk de shows de Chicago com pessoas negras. Tambem, Sean Gray e Neve Bianco discutido um incr\u00edvel projeto novo de Sean, Este espa\u00e7o \u00e9 acess\u00edvel ?, um site que coleta informa\u00e7\u00f5es sobre a acessibilidade dos locais e espa\u00e7os do punk DIY em todo o mundo. Al\u00e9m disso, uma entrevista com o diretor do documentario punk de San Diego It\u00b4s Gonna Blow, uma conversa com VIVISEKTIO da Finl\u00e2ndia sobre as suas d\u00e9cadas de envolvimento no hardcore vivendo 200 km a norte do C\u00edrculo Polar \u00c1rtico, eles podem ser uma das bandas mais setentrionais j\u00e1 entrevistados na Maximum E, claro, todas as colunas e coment\u00e1rios que temos vindo a esperar.<\/span><\/p>\n","protected":false},"excerpt":{"rendered":"<p>Aqui est\u00e1 a Maximum Rocknroll # 384, Maio de 2015. Apesar do que foi falado na edi\u00e7\u00e3o de abril, eles n\u00e3o abandonaram as entrevistas. Neste numero, GLOSS em sua recente turn\u00ea na Costa Oeste e a MRR sentou-se com eles antes de seu show em San Jose para um incrivel bate papo.Tamb\u00e9m temos algumas conversas [&hellip;]<\/p>\n","protected":false},"featured_media":7839,"template":"","meta":{"_et_pb_use_builder":"","_et_pb_old_content":"","_et_gb_content_width":"","jetpack_post_was_ever_published":false,"jetpack_publicize_message":"","jetpack_publicize_feature_enabled":true,"jetpack_social_post_already_shared":true,"jetpack_social_options":{"image_generator_settings":{"template":"highway","default_image_id":0,"font":"","enabled":false},"version":2}},"product_brand":[],"product_cat":[81,48],"product_tag":[596,69,58],"class_list":{"0":"post-7838","1":"product","2":"type-product","3":"status-publish","4":"has-post-thumbnail","6":"product_cat-punk","7":"product_cat-zines","8":"product_tag-maximum-rocknroll","9":"product_tag-punk","10":"product_tag-zines","12":"first","13":"instock","14":"shipping-taxable","15":"purchasable","16":"product-type-simple"},"jetpack_publicize_connections":[],"jetpack_sharing_enabled":true,"jetpack-related-posts":[],"_links":{"self":[{"href":"https:\/\/nogods-nomasters.com\/nogodsnomasters\/wp-json\/wp\/v2\/product\/7838","targetHints":{"allow":["GET"]}}],"collection":[{"href":"https:\/\/nogods-nomasters.com\/nogodsnomasters\/wp-json\/wp\/v2\/product"}],"about":[{"href":"https:\/\/nogods-nomasters.com\/nogodsnomasters\/wp-json\/wp\/v2\/types\/product"}],"wp:featuredmedia":[{"embeddable":true,"href":"https:\/\/nogods-nomasters.com\/nogodsnomasters\/wp-json\/wp\/v2\/media\/7839"}],"wp:attachment":[{"href":"https:\/\/nogods-nomasters.com\/nogodsnomasters\/wp-json\/wp\/v2\/media?parent=7838"}],"wp:term":[{"taxonomy":"product_brand","embeddable":true,"href":"https:\/\/nogods-nomasters.com\/nogodsnomasters\/wp-json\/wp\/v2\/product_brand?post=7838"},{"taxonomy":"product_cat","embeddable":true,"href":"https:\/\/nogods-nomasters.com\/nogodsnomasters\/wp-json\/wp\/v2\/product_cat?post=7838"},{"taxonomy":"product_tag","embeddable":true,"href":"https:\/\/nogods-nomasters.com\/nogodsnomasters\/wp-json\/wp\/v2\/product_tag?post=7838"}],"curies":[{"name":"wp","href":"https:\/\/api.w.org\/{rel}","templated":true}]}}