{"id":7888,"date":"2016-08-30T19:36:43","date_gmt":"2016-08-30T19:36:43","guid":{"rendered":"http:\/\/nogods-nomasters.com\/nogodsnomasters\/produto\/submission-hold-sackcloth-ashes-lp\/"},"modified":"2026-02-16T14:04:54","modified_gmt":"2026-02-16T14:04:54","slug":"submission-hold-sackcloth-ashes-lp","status":"publish","type":"product","link":"https:\/\/nogods-nomasters.com\/nogodsnomasters\/produto\/submission-hold-sackcloth-ashes-lp\/","title":{"rendered":"Submission Hold &#8211; Sackcloth &amp; Ashes LP"},"content":{"rendered":"<p style=\"text-align: justify\"><span style=\"font-size: 12pt;font-family: verdana,geneva,sans-serif\">Banda formada no Canad\u00e1, com o nome de Insult to Injuri em 1993. Sempre dentro do mais puro sentimento DIY, demonstrado em seus encartes, forma de lan\u00e7ar seus discos, forma de se relacionar com os coletivos anarquistas, publico, participando em mais de 50 colet\u00e2neas entre CDs, k7, eps, lps. A sonoridade \u00e9 realmente \u00fanica, submission hold \u00e9 incompar\u00e1vel e dizemos isso em termos gerais, o conjunto \u00e9 perfeito, desde riffs at\u00e9 as vozes, incr\u00edveis.\u00a0Este disco \u00e9 o pen\u00faltimo deles e o que tem a melhor qualidade de grava\u00e7\u00e3o. Vem junto um encarte de 40 paginas com textos, letras em varias l\u00ednguas e uma arte inconfund\u00edvel, no melhor estilo zine punk.<\/span><\/p>\n<span class=\"embed-youtube\" style=\"text-align:center; display: block;\"><iframe loading=\"lazy\" class=\"youtube-player\" width=\"1080\" height=\"608\" src=\"https:\/\/www.youtube.com\/embed\/RCKbsgz30oA?version=3&#038;rel=1&#038;showsearch=0&#038;showinfo=1&#038;iv_load_policy=1&#038;fs=1&#038;hl=pt-BR&#038;autohide=2&#038;wmode=transparent\" allowfullscreen=\"true\" style=\"border:0;\" sandbox=\"allow-scripts allow-same-origin allow-popups allow-presentation allow-popups-to-escape-sandbox\"><\/iframe><\/span>\n","protected":false},"excerpt":{"rendered":"<p>Banda formada no Canad\u00e1, com o nome de Insult to Injuri em 1993. Sempre dentro do mais puro sentimento DIY, demonstrado em seus encartes, forma de lan\u00e7ar seus discos, forma de se relacionar com os coletivos anarquistas, publico, participando em mais de 50 colet\u00e2neas entre CDs, k7, eps, lps. A sonoridade \u00e9 realmente \u00fanica, submission [&hellip;]<\/p>\n","protected":false},"featured_media":7889,"template":"","meta":{"_et_pb_use_builder":"","_et_pb_old_content":"","_et_gb_content_width":"","jetpack_post_was_ever_published":false,"jetpack_publicize_message":"","jetpack_publicize_feature_enabled":true,"jetpack_social_post_already_shared":true,"jetpack_social_options":{"image_generator_settings":{"template":"highway","default_image_id":0,"font":"","enabled":false},"version":2}},"product_brand":[],"product_cat":[46,61],"product_tag":[614],"class_list":{"0":"post-7888","1":"product","2":"type-product","3":"status-publish","4":"has-post-thumbnail","6":"product_cat-discos","7":"product_cat-lp","8":"product_tag-submission-hold-sackcloth-ashes-lp","10":"first","11":"instock","12":"shipping-taxable","13":"purchasable","14":"product-type-simple"},"jetpack_publicize_connections":[],"jetpack_sharing_enabled":true,"jetpack-related-posts":[],"_links":{"self":[{"href":"https:\/\/nogods-nomasters.com\/nogodsnomasters\/wp-json\/wp\/v2\/product\/7888","targetHints":{"allow":["GET"]}}],"collection":[{"href":"https:\/\/nogods-nomasters.com\/nogodsnomasters\/wp-json\/wp\/v2\/product"}],"about":[{"href":"https:\/\/nogods-nomasters.com\/nogodsnomasters\/wp-json\/wp\/v2\/types\/product"}],"wp:featuredmedia":[{"embeddable":true,"href":"https:\/\/nogods-nomasters.com\/nogodsnomasters\/wp-json\/wp\/v2\/media\/7889"}],"wp:attachment":[{"href":"https:\/\/nogods-nomasters.com\/nogodsnomasters\/wp-json\/wp\/v2\/media?parent=7888"}],"wp:term":[{"taxonomy":"product_brand","embeddable":true,"href":"https:\/\/nogods-nomasters.com\/nogodsnomasters\/wp-json\/wp\/v2\/product_brand?post=7888"},{"taxonomy":"product_cat","embeddable":true,"href":"https:\/\/nogods-nomasters.com\/nogodsnomasters\/wp-json\/wp\/v2\/product_cat?post=7888"},{"taxonomy":"product_tag","embeddable":true,"href":"https:\/\/nogods-nomasters.com\/nogodsnomasters\/wp-json\/wp\/v2\/product_tag?post=7888"}],"curies":[{"name":"wp","href":"https:\/\/api.w.org\/{rel}","templated":true}]}}