{"id":8516,"date":"2016-10-28T19:40:27","date_gmt":"2016-10-28T19:40:27","guid":{"rendered":"http:\/\/nogods-nomasters.com\/nogodsnomasters\/produto\/sociedade-sem-escolas-ivan-lllich\/"},"modified":"2016-11-14T23:41:58","modified_gmt":"2016-11-14T23:41:58","slug":"sociedade-sem-escolas-ivan-lllich","status":"publish","type":"product","link":"https:\/\/nogods-nomasters.com\/nogodsnomasters\/produto\/sociedade-sem-escolas-ivan-lllich\/","title":{"rendered":"Sociedade sem Escolas &#8211; Ivan Lllich"},"content":{"rendered":"<p style=\"text-align: justify;\"><span style=\"font-size: 12pt; font-family: verdana,geneva,sans-serif;\">Seu livro mais famoso \u00e9 <i>Sociedade sem escolas<\/i> (1971), uma cr\u00edtica \u00e0 institucionaliza\u00e7\u00e3o da educa\u00e7\u00e3o nas sociedades contempor\u00e2neas. Atrav\u00e9s de exemplos sobre a natureza ineficaz da educa\u00e7\u00e3o institucionalizada, Illich se mostrava favor\u00e1vel \u00e0 auto-aprendizagem, apoiada em rela\u00e7\u00f5es sociais intencionais, e numa intencionalidade fluida e informal:<\/span><\/p>\n<dl>\n<dd><span style=\"font-size: 12pt; font-family: verdana,geneva,sans-serif;\"><i>A educa\u00e7\u00e3o universal por meio da escolaridade n\u00e3o \u00e9 poss\u00edvel. Nem seria mais exequ\u00edvel se se tentasse mediante institui\u00e7\u00f5es alternativas criadas segundo o estilo das escolas actuais. Nem novas atitudes dos professores para com os seus alunos, nem a prolifera\u00e7\u00e3o de novas ferramentas e m\u00e9todos f\u00edsicos ou mentais (nas salas de aula ou nos dormit\u00f3rios), nem mesmo a inten\u00e7\u00e3o de aumentar a responsabilidade dos pedagogos at\u00e9 ao ponto de incluir a vida completa dos seus alunos, teria como resultado a educa\u00e7\u00e3o universal. A busca actual de novos canais educativos dever\u00e1 ser transformada na procura do seu oposto institucional: redes educativas que aumentem a oportunidade de cada um transformar cada momento da sua vida num outro de aprendizagem, de partilha e de interesse. Acreditamos estar a contribuir trazendo os conceitos necess\u00e1rios a quem realiza tais investiga\u00e7\u00f5es sobre as grandes linhas na educa\u00e7\u00e3o \u2013 e tamb\u00e9m para quem procura alternativas para outros tipos estabelecidos de servi\u00e7os.<\/i><\/span><\/dd>\n<\/dl>\n<p style=\"text-align: justify;\"><span style=\"font-size: 12pt; font-family: verdana,geneva,sans-serif;\">As \u00faltimas frases deixam claro o que o t\u00edtulo do livro sugere, que a institucionaliza\u00e7\u00e3o da educa\u00e7\u00e3o marca uma tend\u00eancia de institucionaliza\u00e7\u00e3o da sociedade, e as ideias de desinstituicionaliza\u00e7\u00e3o da educa\u00e7\u00e3o poderiam ser um ponto de partida para a desinstitucionaliza\u00e7\u00e3o da sociedade. Como pensador hol\u00edstico, de intelig\u00eancia formid\u00e1vel e erudi\u00e7\u00e3o cat\u00f3lica ampla, Illich sempre prop\u00f4s as suas an\u00e1lises nos termos mais amplos poss\u00edveis.<\/span><\/p>\n<p style=\"text-align: justify;\"><span style=\"font-size: 12pt; font-family: verdana,geneva,sans-serif;\">O livro \u00e9 mais do que apenas uma cr\u00edtica, cont\u00e9m propostas para reinventar toda a aprendizagem em v\u00e1rias inst\u00e2ncias da sociedade e tamb\u00e9m na esfera individual. Possui destaque a sua proposta, feita em 1971, de criar as &#8220;redes de aprendizagem&#8221; (&#8220;telara\u00f1as de aprendizaje&#8221;) apoiadas em tecnologias avan\u00e7adas.<\/span><\/p>\n<p style=\"text-align: justify;\"><span style=\"font-size: 12pt; font-family: verdana,geneva,sans-serif;\">Est\u00e1 em portugu\u00eas e tem 127 p\u00e1ginas.<br \/>\n<\/span><\/p>\n","protected":false},"excerpt":{"rendered":"<p>Seu livro mais famoso \u00e9 Sociedade sem escolas (1971), uma cr\u00edtica \u00e0 institucionaliza\u00e7\u00e3o da educa\u00e7\u00e3o nas sociedades contempor\u00e2neas. Atrav\u00e9s de exemplos sobre a natureza ineficaz da educa\u00e7\u00e3o institucionalizada, Illich se mostrava favor\u00e1vel \u00e0 auto-aprendizagem, apoiada em rela\u00e7\u00f5es sociais intencionais, e numa intencionalidade fluida e informal: A educa\u00e7\u00e3o universal por meio da escolaridade n\u00e3o \u00e9 poss\u00edvel. [&hellip;]<\/p>\n","protected":false},"featured_media":8517,"template":"","meta":{"_et_pb_use_builder":"","_et_pb_old_content":"","_et_gb_content_width":"","jetpack_publicize_message":"","jetpack_publicize_feature_enabled":true,"jetpack_social_post_already_shared":true,"jetpack_social_options":{"image_generator_settings":{"template":"highway","default_image_id":0,"font":"","enabled":false},"version":2}},"product_brand":[],"product_cat":[47],"product_tag":[713,718],"class_list":{"0":"post-8516","1":"product","2":"type-product","3":"status-publish","4":"has-post-thumbnail","6":"product_cat-livros","7":"product_tag-educacao-libertaria","8":"product_tag-sociedade-sem-escolas","10":"first","11":"outofstock","12":"shipping-taxable","13":"purchasable","14":"product-type-simple"},"jetpack_publicize_connections":[],"jetpack_sharing_enabled":true,"jetpack-related-posts":[],"_links":{"self":[{"href":"https:\/\/nogods-nomasters.com\/nogodsnomasters\/wp-json\/wp\/v2\/product\/8516","targetHints":{"allow":["GET"]}}],"collection":[{"href":"https:\/\/nogods-nomasters.com\/nogodsnomasters\/wp-json\/wp\/v2\/product"}],"about":[{"href":"https:\/\/nogods-nomasters.com\/nogodsnomasters\/wp-json\/wp\/v2\/types\/product"}],"wp:featuredmedia":[{"embeddable":true,"href":"https:\/\/nogods-nomasters.com\/nogodsnomasters\/wp-json\/wp\/v2\/media\/8517"}],"wp:attachment":[{"href":"https:\/\/nogods-nomasters.com\/nogodsnomasters\/wp-json\/wp\/v2\/media?parent=8516"}],"wp:term":[{"taxonomy":"product_brand","embeddable":true,"href":"https:\/\/nogods-nomasters.com\/nogodsnomasters\/wp-json\/wp\/v2\/product_brand?post=8516"},{"taxonomy":"product_cat","embeddable":true,"href":"https:\/\/nogods-nomasters.com\/nogodsnomasters\/wp-json\/wp\/v2\/product_cat?post=8516"},{"taxonomy":"product_tag","embeddable":true,"href":"https:\/\/nogods-nomasters.com\/nogodsnomasters\/wp-json\/wp\/v2\/product_tag?post=8516"}],"curies":[{"name":"wp","href":"https:\/\/api.w.org\/{rel}","templated":true}]}}